p = -j - 0*p - 1. Let n(c) = -c**3 + c**2 - 5*c**2 + 2 - 6 + 5*c. What is n(j)?
-4
Let g(c) = 2*c**3 + 11 - 4 - 8 - c + 0. Give g(-1).
-2
Let k(u) = u**3 - 8*u**2 - 8*u - 12. Let x(r) = -r + 14. Let l be x(5). What is k(l)?
-3
Let q(k) = k - 7. Let j = -11 - -14. Suppose -j*a + 2*a = -5. Determine q(a).
-2
Let b(t) = -t**3 + 8*t - 3. Let v be b(-3). Suppose 3*u - 10 = -2*u. Let x(z) = -u - 2 + z**2 + 1. Determine x(v).
-3
Let f(c) = 3*c**3 - 1. Let l be f(1). Let j(h) = h**2 - h - 2. Let q be j(l). Let v(n) = -3 + n + q*n - 2. What is v(5)?
0
Let i(v) be the second derivative of -v**5/20 + v**4/4 + v**3/3 - v**2 - 4*v. What is i(-2)?
14
Let z be 1/(-2) - 35/(-14). Let b(j) = 3*j**2 - 2*j. What is b(z)?
8
Let d(g) = g - 1. Let s be 3/(-9) - (-57)/9. Let p be d(s). Let f(v) = v**3 - 5*v**2 - v + 7. Give f(p).
2
Let k be 31/(-3) + (-2)/(-6). Let m = k + 40. Suppose -y + 5*u = y + 35, 4*y - 2*u + m = 0. Let r(n) = -n**3 - 4*n**2 + 6*n. What is r(y)?
-5
Let u(r) = -r**3 - 6*r**2 + 10*r + 8. Suppose 0 = -2*t - 3*t - a - 36, -4*t + 3*a = 25. What is u(t)?
-13
Let i(o) = o**2 - 4*o - 1. Suppose 0 = -r + 1 + 1. Let l(n) = 3*n**2 - 5*n - 2*n**2 + 0*n**r - 3. Let h be l(6). Calculate i(h).
-4
Let p(s) = s**3 + 3*s**2 - 4. Let j(b) = -b**2 + 4*b + 2. Let a be j(5). Give p(a).
-4
Let c(g) = -g - 1. Let k(v) = -5*v - 6. Let l(i) = 4*c(i) - k(i). Let u be l(0). Let m(r) = 4*r**2 - 4*r + 3. Calculate m(u).
11
Let n(x) = -1. Let d(l) = 5*l**3 - 4*l**2 + 4. Let v(b) = d(b) + 4*n(b). Let i(z) = -36*z**3 + 27*z**2. Let u(o) = -4*i(o) - 27*v(o). What is u(-1)?
-9
Let s(v) = v**3 + 3*v**2 - 3*v - 4. Let x be -1*(1 - 3) + -5. Calculate s(x).
5
Let l(c) be the third derivative of -c**5/12 - c**4/24 + c**3/6 - 3*c**2. What is l(1)?
-5
Suppose -6*r - 75 = -21*r. Let j(l) = -l**3 + 5*l**2 - l + 5. What is j(r)?
0
Let i(x) = -x**3 - 5*x**2 + 5*x - 3. Let n be i(-6). Let q(w) = w**3 - 5*w**2 + 3*w + 3. Determine q(n).
-6
Let y(p) be the first derivative of p**3/3 - 3*p**2 - 10*p + 12. Give y(8).
6
Let w(j) be the third derivative of -2*j**2 - j**3 + 0 - 1/24*j**4 + 0*j. Calculate w(0).
-6
Suppose -3*x - 28 = -10*x. Let g(i) = 3*i - 2. What is g(x)?
10
Let h(m) = m**3 - 4*m**2 - 4*m + 2. Suppose 9 = 5*w - 21. Let t = w + -1. Give h(t).
7
Suppose 4*i = 1 + 11. Suppose 5*y + a - i + 1 = 0, 0 = 2*y - 3*a + 6. Let o(m) = -m**2 + 5 + 0*m**2 + m + y - m**3. What is o(0)?
5
Let a(h) be the second derivative of -1/20*h**5 - 1/2*h**3 + 1/2*h**2 + 5/12*h**4 - 2*h + 0. Determine a(4).
5
Suppose 4*x - 4*t - 4 = 0, -t - 7 = -2*x - 2*x. Let h(d) = 3*d**2 - 4*d + 2. Give h(x).
6
Let h(z) = z**2 - 8. Let v(l) = l**2 - 8. Let q(o) = 6*h(o) - 5*v(o). What is q(0)?
-8
Let w(s) = 8*s**2. Suppose -6*j + 1 = -5*j. Calculate w(j).
8
Let c(j) = -j + 4. Suppose -8*t + 9 = -15. What is c(t)?
1
Let i(b) = -b - 7. Let g be i(-8). Let r(w) = -14*w**2 + 4*w**2 + 4*w**2 + w. Give r(g).
-5
Let k(q) = -q + 3. Let r(p) = -p**2 - 6*p - 3. Let h be r(-4). Calculate k(h).
-2
Let q(w) = 3*w**2 - 1 - 4*w**3 - 2*w**2 + 0*w**2. What is q(1)?
-4
Let b(m) = -5*m**2 - 3*m + 3. Suppose 5*z - 40 = -15*z. Determine b(z).
-23
Let q(l) = -l**3 + 4*l**2 + 6*l - 4. Let o(u) = u**3 + u**2 + u + 5. Let g be o(0). Calculate q(g).
1
Suppose -7*f = -3*f - 60. Let n(l) = 2*l - 15 - 5*l + f. Calculate n(-4).
12
Let r(j) be the third derivative of -j**5/60 - j**3 - j**2. Suppose 4 = 4*y + 5*q + 23, 0 = y + 5*q + 16. Let s = -1 - y. What is r(s)?
-6
Let n(z) = -z**2 - 10*z - 6. Let l be n(-9). Let b(x) = -x**2 + 2*x + 4. Give b(l).
1
Let l(p) = p**3 - 9*p**2 + 7*p + 5. Suppose u - 48 = -5*u. What is l(u)?
-3
Let d = 10 - 8. Let a(u) = u - d*u + u + 2 + u. Determine a(-3).
-1
Let g(h) = -14*h - 18. Let f(k) = 5*k + 6. Let o(w) = 17*f(w) + 6*g(w). What is o(0)?
-6
Let d = -2 + 6. Let b(h) be the second derivative of h**3/3 - 3*h**2/2 - h. Determine b(d).
5
Let f(a) = -a**3 + 3*a**2 + a. Let h = 9 - 6. Give f(h).
3
Let b(y) = -y**3 + y + 6. Let v = 58 - 58. What is b(v)?
6
Let g = -8 - -14. Suppose 37 = 5*l - 4*n, 3*l + 4*n + 3 = g. Let j(i) = -i + 6. What is j(l)?
1
Let v(o) be the second derivative of -o**5/20 - o**4/4 + o**2/2 + 3*o. Suppose 0 = -3*c - 4*y + y - 18, 3*c = -2*y - 14. Determine v(c).
-3
Let n(y) = -y**2 + y. Let m = 11 + 5. Let w be -12*2/(m/(-2)). What is n(w)?
-6
Let z(t) be the first derivative of t**3/3 - t**2/2 + 8*t - 54. Calculate z(0).
8
Let a(k) = k**2 + 8*k + 12. Let u be a(-3). Let g(l) = l**2 + 7*l + 4. Determine g(u).
-8
Let m(v) = -v**2 + 3*v. Let a = 70 - 66. Give m(a).
-4
Suppose -2*a + 2*i + 6 = -0*a, -2*a = 5*i - 34. Let m(u) = -u**2 + 6*u + 1. Give m(a).
-6
Let b(s) = -5*s**3 - s**2 + 6*s + 9. Let x(k) = 4*k**3 - 6*k - 8. Let u = -14 + 20. Let y(d) = u*x(d) + 5*b(d). Give y(-4).
5
Let g(a) be the second derivative of -a**4/12 - 7*a**3/6 - 9*a**2/2 + 6*a. Determine g(-6).
-3
Let d = -8 + 6. Let x(i) = i**3 + 2 + 1378*i - 1378*i. Give x(d).
-6
Let u(i) be the third derivative of i**6/720 - 7*i**5/120 + i**4/8 - i**2. Let n(h) be the second derivative of u(h). Give n(3).
-4
Suppose -2*t + 3 = -1. Let g(v) = 3*v**2 - 7*v**t + 2*v**2 + 6*v + v**2. Calculate g(6).
0
Let p(y) be the first derivative of -2*y**3/3 - y**2 + 4*y + 20. Give p(-3).
-8
Let m(g) be the third derivative of g**5/20 + g**4/24 + g**3/6 - 3*g**2. Let r be m(-1). Let h(b) = -4 + 4*b + 2*b**2 + b**2 + 0*b - b**3. Determine h(r).
8
Let p(f) = -f**3 + f**2 + f + 1. Let n(q) = -4*q**3 + 5*q**2 + 4*q + 13. Let b(x) = -n(x) + 5*p(x). Let h(v) = -v**3 + v**2 + 4. Let a be h(2). What is b(a)?
-8
Let l(v) = -4*v + 3 - 3 + 1 + 0. Calculate l(2).
-7
Let j(b) = b**3 - 6*b**2 - b + 4. Let n = -11 - -17. Give j(n).
-2
Let m(j) = -2 - 4*j - j**2 - j - 1. Let v = 48 - 51. Calculate m(v).
3
Let y(s) = -5*s - 3*s + 1 - 3*s + 3*s. Calculate y(1).
-7
Let k(h) be the first derivative of -5*h**2 - h + 5. Let c = 3 - 0. Suppose 0 = 3*d - 0*d + c. Calculate k(d).
9
Let c = -3 + 7. Let k(q) = -q**3 + 3*q**2 + 3*q + 5. What is k(c)?
1
Let h(b) = 4*b**3 - 1. Suppose 3*u = -3*z - z - 1, 3*u = z + 4. Calculate h(u).
3
Let w(r) = 7*r**2 - 1. Let k be w(-1). Let q(t) = -5*t + 0*t + 3*t + k + 3*t. Give q(0).
6
Suppose s - 5*s - 5*v + 6 = 0, 4*s - v = 18. Let w(j) = 2*j - 3*j**2 + j**3 - s*j**2 - 7*j + 8*j + 2. Determine w(6).
-16
Suppose 0 = -z - 2 - 0. Let x(v) be the third derivative of -v**8/6720 - v**7/2520 - 11*v**4/24 + 4*v**2. Let j(a) be the second derivative of x(a). Give j(z).
4
Let m(b) be the third derivative of -b**5/60 - 5*b**4/24 - b**3/6 - 2*b**2. Suppose -8 = 6*v - 8*v. Suppose 0 = v*n + 3*f + 11, 4*n + 5 + 2 = f. Calculate m(n).
5
Let l = 35 - 30. Let p(g) = -1. Let t(u) = -u**3 + 4*u**2 + 5*u + 3. Let z(j) = p(j) + t(j). What is z(l)?
2
Let l be (0 - -1)*1/(-1). Let h be l/(1/14) + 0. Let v = h + 9. Let r(g) = g**3 + 6*g**2 + 4*g - 4. Calculate r(v).
1
Let h be (0 - 1) + (7 - 6)*2. Let y(k) = -9*k. What is y(h)?
-9
Let k(o) = 2*o. Suppose t + 4*x = -3*t + 40, -4*x = -4*t + 16. Suppose 2 = 5*c + t. What is k(c)?
-2
Let c(z) = z**3 - 4*z**2 + 5. Suppose 43 + 5 = 4*r. Suppose 0 = -4*l, -22 = 2*g + 3*l - 6. Let d = r + g. Give c(d).
5
Let b(i) = -2*i - 4. Let j = 14 - 17. Calculate b(j).
2
Suppose 2*q = -23 - 1. Let r = -17 - q. Let o(u) = 5*u + 1. Let v(z) = -24*z - 6. Let x(f) = 14*o(f) + 3*v(f). Determine x(r).
6
Let i(s) = -4*s + 3*s - 1 + 2*s. Let p(u) = 2*u - 2. Let l(m) = -11*i(m) + 6*p(m). Let g = 1 - -3. What is l(g)?
3
Let a(p) = -p + 2. Let o be ((-16)/(-20))/(2/15). Calculate a(o).
-4
Suppose 0 = -4*z + 55 - 43. Let g(p) be the second derivative of 0 - p - 2/3*p**z + 1/2*p**2. Give g(-1).
5
Suppose -2*t + 2*c + 3*c = -19, 5*t = 2*c + 16. Suppose 8*r = 3*r + 2*m + 3, t*r - m - 1 = 0. Let v(x) = x. Calculate v(r).
1
Suppose 0 = 4*w - 2*v - 324, -2*w + 3*v + 240 = w. Let d be w/26 + (-10)/65. Let k(p) = 6*p - 2*p - d*p. Determine k(-2).
-2
Let y = 3 - 1. Suppose w = y*w - 5. Let h(k) = k - 11. Determine h(w).
-6
Let f(c) be the second derivative of -1/120*c**5 + 0*c**2 - 3*c + 0*c**3 + 1/720*c**6 - 1/6*c**4 + 0. Let q(a) be the third derivative of f(a). Determine q(-1).
-2
Let s(b) = -b**2 - 6*b + 2. Let y be (6/(-5))/((-7)/(-35)). Give s(y).
2
Suppose 5 = -5*j + 15. Let b(c) = -c**3 - 6 + 0*c**2 + 39*c - 5*c**j - 43*c. Determine b(-4).
-